e hundreds digit of 35284?
2
What is the thousands digit of 7778?
7
What is the tens digit of 8439?
3
What is the hundreds digit of 728?
7
What is the ten thousands digit of 14077?
1
What is the tens digit of 295?
9
What is the units digit of 34504?
4
What is the units digit of 514?
4
What is the hundreds digit of 453?
4
What is the tens digit of 75955?
5
What is the tens digit of 1926?
2
What is the thousands digit of 2385?
2
What is the hundreds digit of 13370?
3
What is the tens digit of 3477?
7
What is the units digit of 4609?
9
What is the units digit of 47526?
6
What is the hundreds digit of 49595?
5
What is the tens digit of 29135?
3
What is the thousands digit of 2207?
2
What is the tens digit of 43295?
9
What is the units digit of 11078?
8
What is the thousands digit of 2623?
2
What is the hundreds digit of 4255?
2
What is the hundreds digit of 385?
3
What is the tens digit of 4718?
1
What is the tens digit of 883?
8
What is the ten thousands digit of 21071?
2
What is the hundreds digit of 1044?
0
What is the hundreds digit of 17089?
0
What is the tens digit of 35289?
8
What is the tens digit of 5970?
7
What is the tens digit of 710?
1
What is the thousands digit of 26168?
6
What is the hundred thousands digit of 150397?
1
What is the hundreds digit of 83203?
2
What is the hundreds digit of 2663?
6
What is the tens digit of 671?
7
What is the hundreds digit of 29866?
8
What is the ten thousands digit of 32576?
3
What is the thousands digit of 4914?
4
What is the hundreds digit of 676?
6
What is the thousands digit of 7972?
7
What is the tens digit of 654?
5
What is the units digit of 4356?
6
What is the thousands digit of 2364?
2
What is the thousands digit of 3553?
3
What is the thousands digit of 84722?
4
What is the units digit of 1692?
2
What is the thousands digit of 28590?
8
What is the thousands digit of 22975?
2
What is the units digit of 837?
7
What is the units digit of 26852?
2
What is the thousands digit of 9844?
9
What is the tens digit of 6618?
1
What is the hundreds digit of 28101?
1
What is the hundreds digit of 957?
9
What is the thousands digit of 25520?
5
What is the tens digit of 541?
4
What is the thousands digit of 2924?
2
What is the hundreds digit of 559?
5
What is the thousands digit of 5455?
5
What is the thousands digit of 32849?
2
What is the tens digit of 9045?
4
What is the thousands digit of 1483?
1
What is the tens digit of 2229?
2
What is the units digit of 1023?
3
What is the tens digit of 2810?
1
What is the units digit of 3460?
0
What is the units digit of 26532?
2
What is the units digit of 45629?
9
What is the hundreds digit of 88558?
5
What is the tens digit of 5133?
3
What is the tens digit of 4942?
4
What is the tens digit of 58?
5
What is the hundreds digit of 15521?
5
What is the tens digit of 211?
1
What is the thousands digit of 22672?
2
What is the tens digit of 1247?
4
What is the units digit of 3967?
7
What is the thousands digit of 33680?
3
What is the units digit of 2545?
5
What is the ten thousands digit of 28143?
2
What is the units digit of 129654?
4
What is the units digit of 2467?
7
What is the units digit of 12204?
4
What is the units digit of 28737?
7
What is the thousands digit of 91412?
1
What is the units digit of 57025?
5
What is the units digit of 12096?
6
What is the thousands digit of 8960?
8
What is the tens digit of 15181?
8
What is the units digit of 21961?
1
What is the units digit of 25931?
1
What is the tens digit of 105009?
0
What is the tens digit of 1310?
1
What is the ten thousands digit of 50424?
5
What is the hundreds digit of 940?
9
What is the hundreds digit of 48895?
8
What is the hundreds digit of 4398?
3
What is the units digit of 798?
8
What is the ten thousands digit of 53893?
5
What is the units digit of 5748?
8
What is the hundreds digit of 614?
6
What is the hundreds digit of 45710?
7
What is the units digit of 3614?
4
What is the hundreds digit of 11618?
6
What is the tens digit of 45303?
0
What is the ten thousands digit of 22318?
2
What is the hundreds digit of 16455?
4
What is the hundreds digit of 12899?
8
What is the tens digit of 27328?
2
What is the thousands digit of 4803?
4
What is the tens digit of 48840?
4
What is the thousands digit of 38348?
8
What is the thousands digit of 3217?
3
What is the tens digit of 1306?
0
What is the hundreds digit of 102025?
0
What is the thousands digit of 6559?
6
What is the tens digit of 6067?
6
What is the thousands digit of 14975?
4
What is the tens digit of 608?
0
What is the ten thousands digit of 17150?
1
What is the hundreds digit of 442?
4
What is the hundreds digit of 1566?
5
What is the ten thousands digit of 20068?
2
What is the tens digit of 58493?
9
What is the thousands digit of 3365?
3
What is the hundreds digit of 3965?
9
What is the hundreds digit of 1014?
0
What is the units digit of 1702?
2
What is the units digit of 872?
2
What is the hundreds digit of 727?
7
What is the hundreds digit of 3469?
4
What is the hundreds digit of 152041?
0
What is the thousands digit of 16916?
6
What is the hundreds digit of 110?
1
What is the tens digit of 185?
8
What is the hundreds digit of 593?
5
What is the ten thousands digit of 41095?
4
What is the units digit of 1859?
9
What is the thousands digit of 3180?
3
What is the thousands digit of 2912?
2
What is the hundreds digit of 581?
5
What is the thousands digit of 39834?
9
What is the thousands digit of 6088?
6
What is the hundreds digit of 924?
9
What is the thousands digit of 40971?
0
What is the units digit of 23918?
8
What is the units digit of 11072?
2
What is the units digit of 4979?
9
What is the tens digit of 1717?
1
What is the hundreds digit of 7092?
0
What is the hundreds digit of 27979?
9
What is the hundreds digit of 2990?
9
What is the thousands digit of 1295?
1
What is the tens digit of 4229?
2
What is the tens digit of 231?
3
What is the tens digit of 1221?
2
What is the thousands digit of 1749?
1
What is the units digit of 702?
2
What is the thousands digit of 3293?
3
What is the hundreds digit of 2721?
7
What is the hundreds digit of 31370?
3
What is the tens digit of 7446?
4
What is the ten thousands digit of 68734?
6
What is the tens digit of 22195?
9
What is the tens digit of 2846?
4
What is the units digit of 157?
7
What is the hundreds digit of 252?
2
What is the hundreds digit of 648?
6
What is the units digit of 3811?
1
What is the tens digit of 701?
0
What is the tens digit of 696?
9
What is the units digit of 1857?
7
What is the hundreds digit of 590?
5
What is the tens digit of 5079?
7
What is the hundreds digit of 26855?
8
What is the thousands digit of 29433?
9
What is the units digit of 4108?
8
What is the tens digit of 926?
2
What is the tens digit of 175?
7
What is the tens digit of 4311?
1
What is the units digit of 9684?
4
What is the units digit of 5747?
7
What is the hundreds digit of 65035?
0
What is the tens digit of 5949?
4
What is the thousands digit of 24057?
4
What is the thousands digit of 3869?
3
What is the tens digit of 28725?
2
What is the ten thousands digit of 57562?
5
What is the hundreds digit of 7470?
4
What is the tens digit of 6519?
1
What is the hundreds digit of 560?
5
What is the thousands digit of 1825?
1
What is the tens digit of 912?
1
What is the tens digit of 327?
2
What is the ten thousands digit of 15078?
1
What is the thousands digit of 16392?
6
What is the units digit of 8556?
6
What is the units digit of 108406?
6
What is the thousands digit of 35841?
5
What is the tens digit of 1976?
7
What is the hundreds digit of 59873?
8
What is the units digit of 34692?
2
What is the tens digit of 1300?
0
What is the hundreds digit of 9915?
9
What is the tens digit of 6261?
6
What is the hundreds digit of 1015?
0
What is the hundreds digit of 364?
3
What is the hundreds digit of 11318?
3
What is the thousands digit of 10196?
0
What is the units digit of 4883?
3
What is the hundreds digit of 1468?
4
What is the units digit of 471?
1
What is the thousands digit of 3580?
3
What is the ten thousands digit of 142727?
4
What is the units digit of 4?
4
What is the tens digit of 8217?
1
What is the tens digit of 18163?
6
What is the tens digit of 32085?
8
What is the ten thousands digit of 151904?
5